{"id":58,"date":"2023-06-07T15:10:14","date_gmt":"2023-06-07T13:10:14","guid":{"rendered":"https:\/\/rehatrans.pl\/?page_id=58"},"modified":"2023-06-07T15:10:15","modified_gmt":"2023-06-07T13:10:15","slug":"kontakt","status":"publish","type":"page","link":"https:\/\/rehatrans.pl\/?page_id=58","title":{"rendered":"Kontakt"},"content":{"rendered":"\n<p><a href=\"https:\/\/szymonbudnik.pl\/\">Gabinet masa\u017cu, fizjoterapii i rehabilitacji<\/a><\/p>\n\n\n\n<p>tel.&nbsp;<a href=\"tel:+48 796 634 443\">796 634 443<\/a><\/p>\n\n\n\n<p>mail:&nbsp;<a href=\"mailto:sz.budnik@o2.pl\">sz.budnik@o2.pl<\/a><\/p>\n\n\n\n<p>Adres<\/p>\n\n\n\n<p>ul. Wojskowa 3L<\/p>\n","protected":false},"excerpt":{"rendered":"<p>Gabinet masa\u017cu, fizjoterapii i rehabilitacji tel.&nbsp;796 634 443 mail:&nbsp;sz.budnik@o2.pl Adres ul. Wojskowa 3L<\/p>\n","protected":false},"author":2,"featured_media":0,"parent":0,"menu_order":0,"comment_status":"closed","ping_status":"closed","template":"","meta":[],"yoast_head":"<!-- This site is optimized with the Yoast SEO plugin v20.8 - https:\/\/yoast.com\/wordpress\/plugins\/seo\/ -->\n<title>Kontakt - Rehatrans<\/title>\n<meta name=\"robots\" content=\"index, follow, max-snippet:-1, max-image-preview:large, max-video-preview:-1\" \/>\n<link rel=\"canonical\" href=\"https:\/\/rehatrans.pl\/?page_id=58\" \/>\n<meta property=\"og:locale\" content=\"pl_PL\" \/>\n<meta property=\"og:type\" content=\"article\" \/>\n<meta property=\"og:title\" content=\"Kontakt - Rehatrans\" \/>\n<meta property=\"og:description\" content=\"Gabinet masa\u017cu, fizjoterapii i rehabilitacji tel.&nbsp;796 634 443 mail:&nbsp;sz.budnik@o2.pl Adres ul. Wojskowa 3L\" \/>\n<meta property=\"og:url\" content=\"https:\/\/rehatrans.pl\/?page_id=58\" \/>\n<meta property=\"og:site_name\" content=\"Rehatrans\" \/>\n<meta property=\"article:modified_time\" content=\"2023-06-07T13:10:15+00:00\" \/>\n<meta name=\"twitter:card\" content=\"summary_large_image\" \/>\n<meta name=\"twitter:label1\" content=\"Szacowany czas czytania\" \/>\n\t<meta name=\"twitter:data1\" content=\"1 minuta\" \/>\n<script type=\"application\/ld+json\" class=\"yoast-schema-graph\">{\"@context\":\"https:\/\/schema.org\",\"@graph\":[{\"@type\":\"WebPage\",\"@id\":\"https:\/\/rehatrans.pl\/?page_id=58\",\"url\":\"https:\/\/rehatrans.pl\/?page_id=58\",\"name\":\"Kontakt - Rehatrans\",\"isPartOf\":{\"@id\":\"https:\/\/rehatrans.pl\/#website\"},\"datePublished\":\"2023-06-07T13:10:14+00:00\",\"dateModified\":\"2023-06-07T13:10:15+00:00\",\"breadcrumb\":{\"@id\":\"https:\/\/rehatrans.pl\/?page_id=58#breadcrumb\"},\"inLanguage\":\"pl-PL\",\"potentialAction\":[{\"@type\":\"ReadAction\",\"target\":[\"https:\/\/rehatrans.pl\/?page_id=58\"]}]},{\"@type\":\"BreadcrumbList\",\"@id\":\"https:\/\/rehatrans.pl\/?page_id=58#breadcrumb\",\"itemListElement\":[{\"@type\":\"ListItem\",\"position\":1,\"name\":\"Strona g\u0142\u00f3wna\",\"item\":\"https:\/\/rehatrans.pl\/\"},{\"@type\":\"ListItem\",\"position\":2,\"name\":\"Kontakt\"}]},{\"@type\":\"WebSite\",\"@id\":\"https:\/\/rehatrans.pl\/#website\",\"url\":\"https:\/\/rehatrans.pl\/\",\"name\":\"Rehatrans\",\"description\":\"Specjali\u015bci z zakresu rehabilitacji i fizjoterapii\",\"potentialAction\":[{\"@type\":\"SearchAction\",\"target\":{\"@type\":\"EntryPoint\",\"urlTemplate\":\"https:\/\/rehatrans.pl\/?s={search_term_string}\"},\"query-input\":\"required name=search_term_string\"}],\"inLanguage\":\"pl-PL\"}]}<\/script>\n<!-- \/ Yoast SEO plugin. -->","yoast_head_json":{"title":"Kontakt - Rehatrans","robots":{"index":"index","follow":"follow","max-snippet":"max-snippet:-1","max-image-preview":"max-image-preview:large","max-video-preview":"max-video-preview:-1"},"canonical":"https:\/\/rehatrans.pl\/?page_id=58","og_locale":"pl_PL","og_type":"article","og_title":"Kontakt - Rehatrans","og_description":"Gabinet masa\u017cu, fizjoterapii i rehabilitacji tel.&nbsp;796 634 443 mail:&nbsp;sz.budnik@o2.pl Adres ul. Wojskowa 3L","og_url":"https:\/\/rehatrans.pl\/?page_id=58","og_site_name":"Rehatrans","article_modified_time":"2023-06-07T13:10:15+00:00","twitter_card":"summary_large_image","twitter_misc":{"Szacowany czas czytania":"1 minuta"},"schema":{"@context":"https:\/\/schema.org","@graph":[{"@type":"WebPage","@id":"https:\/\/rehatrans.pl\/?page_id=58","url":"https:\/\/rehatrans.pl\/?page_id=58","name":"Kontakt - Rehatrans","isPartOf":{"@id":"https:\/\/rehatrans.pl\/#website"},"datePublished":"2023-06-07T13:10:14+00:00","dateModified":"2023-06-07T13:10:15+00:00","breadcrumb":{"@id":"https:\/\/rehatrans.pl\/?page_id=58#breadcrumb"},"inLanguage":"pl-PL","potentialAction":[{"@type":"ReadAction","target":["https:\/\/rehatrans.pl\/?page_id=58"]}]},{"@type":"BreadcrumbList","@id":"https:\/\/rehatrans.pl\/?page_id=58#breadcrumb","itemListElement":[{"@type":"ListItem","position":1,"name":"Strona g\u0142\u00f3wna","item":"https:\/\/rehatrans.pl\/"},{"@type":"ListItem","position":2,"name":"Kontakt"}]},{"@type":"WebSite","@id":"https:\/\/rehatrans.pl\/#website","url":"https:\/\/rehatrans.pl\/","name":"Rehatrans","description":"Specjali\u015bci z zakresu rehabilitacji i fizjoterapii","potentialAction":[{"@type":"SearchAction","target":{"@type":"EntryPoint","urlTemplate":"https:\/\/rehatrans.pl\/?s={search_term_string}"},"query-input":"required name=search_term_string"}],"inLanguage":"pl-PL"}]}},"jetpack-related-posts":[{"id":87,"url":"https:\/\/rehatrans.pl\/","url_meta":{"origin":58,"position":0},"title":"Strona G\u0142\u00f3wna","date":"9 czerwca 2023","format":false,"excerpt":"Witajcie na stronie po\u015bwi\u0119conej rehabilitacji! Je\u015bli szukasz informacji na temat rehabilitacji, trafi\u0142e\u015b we w\u0142a\u015bciwe miejsce. Nasza strona jest dedykowana wszystkim, kt\u00f3rzy pragn\u0105 odzyska\u0107 pe\u0142n\u0105 sprawno\u015b\u0107 fizyczn\u0105 i powr\u00f3ci\u0107 do zdrowia po urazach, operacjach lub schorzeniach. REHABILITACJA Rehabilitacja to proces, kt\u00f3ry pomaga pacjentom w powrocie do normalnego funkcjonowania poprzez wzmacnianie mi\u0119\u015bni,\u2026","rel":"","context":"Similar post","img":{"alt_text":"","src":"https:\/\/i0.wp.com\/rehatrans.pl\/wp-content\/uploads\/2023\/06\/neuromobilization.jpg?resize=350%2C200&ssl=1","width":350,"height":200},"classes":[]},{"id":43,"url":"https:\/\/rehatrans.pl\/?page_id=43","url_meta":{"origin":58,"position":1},"title":"\u0141\u00f3\u017cka rehabilitacyjne","date":"7 czerwca 2023","format":false,"excerpt":"SUPER OFERTA! KUPUJ\u0104C U NAS NOWE \u0141\u00d3\u017bKO ELEKTRYCZNE LUNA, OTRZYMUJESZ MATERAC PIANKOWY\u00a0GRATIS TYKO U NAS OTRZYMUJESZ R\u00d3WNIE\u017b\u00a0GRATIS\u00a0MATERAC PRZECIWODLE\u017bYNOWY! SKORZYSTAJ Z OFERTY ZADZWO\u0143\u00a0506-551-932 Oferujemy Pa\u0144stwu \u0142\u00f3\u017cka rehabilitacyjne w opcjach dostosowanych do Pa\u0144stwa potrzeb.Prosimy o zapoznanie si\u0119 z poni\u017csz\u0105 ofert\u0105 , w razie w\u0105tpliwo\u015bci lub dodatkowych pyta\u0144 prosimy Pa\u0144stwa o kontakt z\u2026","rel":"","context":"Similar post","img":{"alt_text":"","src":"","width":0,"height":0},"classes":[]},{"id":26,"url":"https:\/\/rehatrans.pl\/?page_id=26","url_meta":{"origin":58,"position":2},"title":"Rehabilitacja","date":"7 czerwca 2023","format":false,"excerpt":"Rehabilitacja Pozna\u0144 to proces medyczny, kt\u00f3ry ma na celu przywr\u00f3cenie, utrzymanie lub popraw\u0119 funkcji fizycznych, psychologicznych i spo\u0142ecznych u os\u00f3b z r\u00f3\u017cnymi rodzajami niepe\u0142nosprawno\u015bci, urazami, chorobami lub zaburzeniami zdrowotnymi. Jej g\u0142\u00f3wnym celem jest przywr\u00f3cenie pacjentowi jak najwi\u0119kszej niezale\u017cno\u015bci i jako\u015bci \u017cycia. Rehabilitacja mo\u017ce by\u0107 stosowana w przypadku r\u00f3\u017cnych schorze\u0144, takich\u2026","rel":"","context":"Similar post","img":{"alt_text":"","src":"","width":0,"height":0},"classes":[]},{"id":19,"url":"https:\/\/rehatrans.pl\/?page_id=19","url_meta":{"origin":58,"position":3},"title":"Oferta","date":"7 czerwca 2023","format":false,"excerpt":"Oferujemy r\u00f3\u017cnorodne produkty rehabilitacyjne pogrupowane tematycznie w menu po lewej stronie. Dla Pa\u0144stwa wygody zosta\u0142y one pogrupowane w zale\u017cno\u015bci od rodzaju sprz\u0119tu. Je\u015bli maj\u0105 Pa\u0144stwo jakie\u015b pytania, lub chc\u0105 Pa\u0144stwo zakupi\u0107 sprz\u0119t nie znajduj\u0105cy si\u0119 w akutalnej ofercie, prosimy o kontakt przez telefon, email lub przez formularz na stronie.","rel":"","context":"Similar post","img":{"alt_text":"","src":"","width":0,"height":0},"classes":[]},{"id":28,"url":"https:\/\/rehatrans.pl\/?page_id=28","url_meta":{"origin":58,"position":4},"title":"Serwis sprz\u0119tu","date":"7 czerwca 2023","format":false,"excerpt":"Prowadzimy profesjonalny serwis gwarancyjny oraz pogwarancyjny sprz\u0119tu rehabilitacyjnego: w\u00f3zki i skutery elektryczne w\u00f3zki manualne \u0142\u00f3\u017cka rehabilitacyjne podno\u015bniki schodo\u0142azy sprz\u0119t drobny Wyr\u00f3\u017cnia nas solidno\u015b\u0107 i konkurencyjno\u015b\u0107 cenowa.Realizujemy serwis sprz\u0119tu z ca\u0142ej Polski.","rel":"","context":"Similar post","img":{"alt_text":"","src":"","width":0,"height":0},"classes":[]},{"id":21,"url":"https:\/\/rehatrans.pl\/?page_id=21","url_meta":{"origin":58,"position":5},"title":"ORTOPEDIA","date":"7 czerwca 2023","format":false,"excerpt":"Ortopedia jest dziedzin\u0105 medycyny zajmuj\u0105c\u0105 si\u0119 diagnozowaniem, leczeniem i zapobieganiem schorzeniom uk\u0142adu mi\u0119\u015bniowo-szkieletowego, czyli uk\u0142adu kostno-stawowego cz\u0142owieka. Ortopedia skupia si\u0119 na badaniu, diagnozowaniu i leczeniu uraz\u00f3w, chor\u00f3b, deformacji i innych problem\u00f3w zwi\u0105zanych z ko\u015b\u0107mi, stawami, mi\u0119\u015bniami, \u015bci\u0119gnami i wi\u0119zad\u0142ami. Lekarze specjalizuj\u0105cy si\u0119 w ortopedii, nazywani ortopedami, zajmuj\u0105 si\u0119 r\u00f3\u017cnymi dziedzinami\u2026","rel":"","context":"Similar post","img":{"alt_text":"","src":"","width":0,"height":0},"classes":[]}],"_links":{"self":[{"href":"https:\/\/rehatrans.pl\/index.php?rest_route=\/wp\/v2\/pages\/58"}],"collection":[{"href":"https:\/\/rehatrans.pl\/index.php?rest_route=\/wp\/v2\/pages"}],"about":[{"href":"https:\/\/rehatrans.pl\/index.php?rest_route=\/wp\/v2\/types\/page"}],"author":[{"embeddable":true,"href":"https:\/\/rehatrans.pl\/index.php?rest_route=\/wp\/v2\/users\/2"}],"replies":[{"embeddable":true,"href":"https:\/\/rehatrans.pl\/index.php?rest_route=%2Fwp%2Fv2%2Fcomments&post=58"}],"version-history":[{"count":1,"href":"https:\/\/rehatrans.pl\/index.php?rest_route=\/wp\/v2\/pages\/58\/revisions"}],"predecessor-version":[{"id":59,"href":"https:\/\/rehatrans.pl\/index.php?rest_route=\/wp\/v2\/pages\/58\/revisions\/59"}],"wp:attachment":[{"href":"https:\/\/rehatrans.pl\/index.php?rest_route=%2Fwp%2Fv2%2Fmedia&parent=58"}],"curies":[{"name":"wp","href":"https:\/\/api.w.org\/{rel}","templated":true}]}}

<p><a href="https://szymonbudnik.pl/">Gabinet masażu, fizjoterapii i rehabilitacji</a></p>



<p>tel.&nbsp;<a href="tel:+48 796 634 443">796 634 443</a></p>



<p>mail:&nbsp;<a href="mailto:sz.budnik@o2.pl">sz.budnik@o2.pl</a></p>



<p>Adres</p>



<p>ul. Wojskowa 3L</p>

<p>Gabinet masażu, fizjoterapii i rehabilitacji tel.&nbsp;796 634 443 mail:&nbsp;sz.budnik@o2.pl Adres ul. Wojskowa 3L</p>

<!-- This site is optimized with the Yoast SEO plugin v20.8 - https://yoast.com/wordpress/plugins/seo/ -->
<title>Kontakt - Rehatrans</title>
<meta name="robots" content="index, follow, max-snippet:-1, max-image-preview:large, max-video-preview:-1" />
<link rel="canonical" href="https://rehatrans.pl/?page_id=58" />
<meta property="og:locale" content="pl_PL" />
<meta property="og:type" content="article" />
<meta property="og:title" content="Kontakt - Rehatrans" />
<meta property="og:description" content="Gabinet masażu, fizjoterapii i rehabilitacji tel.&nbsp;796 634 443 mail:&nbsp;sz.budnik@o2.pl Adres ul. Wojskowa 3L" />
<meta property="og:url" content="https://rehatrans.pl/?page_id=58" />
<meta property="og:site_name" content="Rehatrans" />
<meta property="article:modified_time" content="2023-06-07T13:10:15+00:00" />
<meta name="twitter:card" content="summary_large_image" />
<meta name="twitter:label1" content="Szacowany czas czytania" />
	<meta name="twitter:data1" content="1 minuta" />
<script type="application/ld+json" class="yoast-schema-graph">{"@context":"https://schema.org","@graph":[{"@type":"WebPage","@id":"https://rehatrans.pl/?page_id=58","url":"https://rehatrans.pl/?page_id=58","name":"Kontakt - Rehatrans","isPartOf":{"@id":"https://rehatrans.pl/#website"},"datePublished":"2023-06-07T13:10:14+00:00","dateModified":"2023-06-07T13:10:15+00:00","breadcrumb":{"@id":"https://rehatrans.pl/?page_id=58#breadcrumb"},"inLanguage":"pl-PL","potentialAction":[{"@type":"ReadAction","target":["https://rehatrans.pl/?page_id=58"]}]},{"@type":"BreadcrumbList","@id":"https://rehatrans.pl/?page_id=58#breadcrumb","itemListElement":[{"@type":"ListItem","position":1,"name":"Strona główna","item":"https://rehatrans.pl/"},{"@type":"ListItem","position":2,"name":"Kontakt"}]},{"@type":"WebSite","@id":"https://rehatrans.pl/#website","url":"https://rehatrans.pl/","name":"Rehatrans","description":"Specjaliści z zakresu rehabilitacji i fizjoterapii","potentialAction":[{"@type":"SearchAction","target":{"@type":"EntryPoint","urlTemplate":"https://rehatrans.pl/?s={search_term_string}"},"query-input":"required name=search_term_string"}],"inLanguage":"pl-PL"}]}</script>
<!-- / Yoast SEO plugin. -->

Gabinet masażu, fizjoterapii i rehabilitacji tel.&nbsp;796 634 443 mail:&nbsp;sz.budnik@o2.pl Adres ul. Wojskowa 3L

Strona główna

Specjaliści z zakresu rehabilitacji i fizjoterapii

Strona Główna

Witajcie na stronie poświęconej rehabilitacji! Jeśli szukasz informacji na temat rehabilitacji, trafiłeś we właściwe miejsce. Nasza strona jest dedykowana wszystkim, którzy pragną odzyskać pełną sprawność fizyczną i powrócić do zdrowia po urazach, operacjach lub schorzeniach. REHABILITACJA Rehabilitacja to proces, który pomaga pacjentom w powrocie do normalnego funkcjonowania poprzez wzmacnianie mięśni,…

Łóżka rehabilitacyjne

SUPER OFERTA! KUPUJĄC U NAS NOWE ŁÓŻKO ELEKTRYCZNE LUNA, OTRZYMUJESZ MATERAC PIANKOWY GRATIS TYKO U NAS OTRZYMUJESZ RÓWNIEŻ GRATIS MATERAC PRZECIWODLEŻYNOWY! SKORZYSTAJ Z OFERTY ZADZWOŃ 506-551-932 Oferujemy Państwu łóżka rehabilitacyjne w opcjach dostosowanych do Państwa potrzeb.Prosimy o zapoznanie się z poniższą ofertą , w razie wątpliwości lub dodatkowych pytań prosimy Państwa o kontakt z…

Rehabilitacja Poznań to proces medyczny, który ma na celu przywrócenie, utrzymanie lub poprawę funkcji fizycznych, psychologicznych i społecznych u osób z różnymi rodzajami niepełnosprawności, urazami, chorobami lub zaburzeniami zdrowotnymi. Jej głównym celem jest przywrócenie pacjentowi jak największej niezależności i jakości życia. Rehabilitacja może być stosowana w przypadku różnych schorzeń, takich…

Oferujemy różnorodne produkty rehabilitacyjne pogrupowane tematycznie w menu po lewej stronie. Dla Państwa wygody zostały one pogrupowane w zależności od rodzaju sprzętu. Jeśli mają Państwo jakieś pytania, lub chcą Państwo zakupić sprzęt nie znajdujący się w akutalnej ofercie, prosimy o kontakt przez telefon, email lub przez formularz na stronie.

Serwis sprzętu

Prowadzimy profesjonalny serwis gwarancyjny oraz pogwarancyjny sprzętu rehabilitacyjnego: wózki i skutery elektryczne wózki manualne łóżka rehabilitacyjne podnośniki schodołazy sprzęt drobny Wyróżnia nas solidność i konkurencyjność cenowa.Realizujemy serwis sprzętu z całej Polski.

Ortopedia jest dziedziną medycyny zajmującą się diagnozowaniem, leczeniem i zapobieganiem schorzeniom układu mięśniowo-szkieletowego, czyli układu kostno-stawowego człowieka. Ortopedia skupia się na badaniu, diagnozowaniu i leczeniu urazów, chorób, deformacji i innych problemów związanych z kośćmi, stawami, mięśniami, ścięgnami i więzadłami. Lekarze specjalizujący się w ortopedii, nazywani ortopedami, zajmują się różnymi dziedzinami…
